1
Convert -27 (base 8) to base 7.
-32
-13 (base 9) to base 13
-c
2f (base 16) to base 8
57
Convert -2 (base 14) to base 11.
-2
Convert -5 (base 7) to base 2.
-101
What is -650 (base 7) in base 8?
-511
What is 232 (base 4) in base 2?
101110
-40 (base 10) to base 7
-55
What is 13 (base 9) in base 7?
15
What is 8 (base 12) in base 9?
8
-148 (base 11) to base 6
-445
What is -5 (base 6) in base 16?
-5
What is -f (base 16) in base 9?
-16
Convert -30 (base 9) to base 6.
-43
Convert -3 (base 16) to base 5.
-3
What is -1 (base 5) in base 6?
-1
Convert 61 (base 13) to base 4.
1033
8 (base 9) to base 5
13
-12 (base 11) to base 8
-15
Convert -1 (base 3) to base 15.
-1
2 (base 9) to base 8
2
What is 0 (base 8) in base 12?
0
Convert -4 (base 10) to base 15.
-4
22 (base 4) to base 10
10
What is 43 (base 7) in base 12?
27
-35 (base 11) to base 12
-32
Convert 13 (base 9) to base 15.
c
58 (base 15) to base 7
146
-260 (base 7) to base 15
-95
Convert -2 (base 15) to base 16.
-2
-23 (base 4) to base 14
-b
Convert -8 (base 13) to base 15.
-8
Convert -36 (base 16) to base 3.
-2000
Convert -2 (base 16) to base 9.
-2
Convert -11 (base 4) to base 11.
-5
0 (base 3) to base 8
0
2 (base 4) to base 16
2
What is -a (base 13) in base 6?
-14
What is -11 (base 3) in base 2?
-100
Convert -2 (base 9) to base 7.
-2
What is -a8 (base 14) in base 6?
-404
What is 50 (base 10) in base 7?
101
-6e (base 16) to base 2
-1101110
What is -1 (base 3) in base 10?
-1
What is 113 (base 12) in base 14?
b5
-2 (base 11) to base 6
-2
-1 (base 14) to base 3
-1
Convert 22 (base 9) to base 8.
24
Convert 332 (base 6) to base 13.
9b
-16 (base 8) to base 5
-24
What is -93 (base 13) in base 6?
-320
What is 153 (base 12) in base 13?
12c
Convert 0 (base 13) to base 8.
0
-171 (base 8) to base 13
-94
Convert 14 (base 16) to base 9.
22
Convert 2 (base 3) to base 10.
2
Convert -344 (base 9) to base 15.
-13d
Convert 1012 (base 5) to base 12.
b0
Convert 5 (base 9) to base 11.
5
Convert -11010 (base 2) to base 11.
-24
What is 4 (base 6) in base 2?
100
What is -1 (base 7) in base 12?
-1
Convert -2 (base 3) to base 7.
-2
Convert 29 (base 11) to base 6.
51
Convert -2b (base 16) to base 4.
-223
Convert -2 (base 4) to base 13.
-2
What is -2301 (base 4) in base 5?
-1202
-20 (base 16) to base 13
-26
What is -4 (base 12) in base 14?
-4
What is -103 (base 5) in base 16?
-1c
What is 5b (base 13) in base 16?
4c
What is -11 (base 2) in base 5?
-3
10 (base 3) to base 16
3
Convert 4 (base 13) to base 14.
4
Convert 30 (base 10) to base 9.
33
Convert 1100 (base 4) to base 9.
88
3 (base 6) to base 8
3
Convert -10111 (base 2) to base 5.
-43
What is -1213 (base 4) in base 6?
-251
2 (base 6) to base 2
10
Convert 15 (base 10) to base 12.
13
1c (base 15) to base 16
1b
-6 (base 9) to base 6
-10
-7 (base 9) to base 12
-7
-11110 (base 3) to base 15
-80
1 (base 8) to base 4
1
Convert 11 (base 5) to base 3.
20
What is -25 (base 11) in base 2?
-11011
Convert 45 (base 9) to base 11.
38
What is 2123 (base 5) in base 6?
1200
-18 (base 12) to base 2
-10100
-110 (base 4) to base 2
-10100
-63 (base 14) to base 15
-5c
Convert -f (base 16) to base 8.
-17
Convert 10 (base 8) to base 2.
1000
Convert 20 (base 11) to base 13.
19
-2 (base 13) to base 14
-2
-2b (base 15) to base 11
-38
Convert -156 (base 7) to base 11.
-82
Convert 26 (base 11) to base 5.
103
What is -2 (base 8) in base 4?
-2
Convert -1a (base 15) to base 14.
-1b
What is 75 (base 10) in base 6?
203
What is -221 (base 4) in base 12?
-35
Convert 12 (base 7) to base 13.
9
-2020 (base 3) to base 13
-48
What is -224 (base 6) in base 13?
-6a
What is -1100 (base 3) in base 5?
-121
Convert 1010111 (base 2) to base 6.
223
Convert 53 (base 10) to base 5.
203
-10 (base 15) to base 11
-14
What is -10100 (base 3) in base 5?
-330
1 (base 9) to base 5
1
What is 1024 (base 6) in base 4?
3220
da (base 16) to base 13
13a
0 (base 16) to base 12
0
Convert 12 (base 13) to base 6.
23
Convert 10 (base 2) to base 6.
2
Convert -120 (base 6) to base 11.
-44
What is -22 (base 6) in base 15?
-e
191 (base 10) to base 15
cb
Convert 201 (base 3) to base 9.
21
Convert 0 (base 4) to base 14.
0
100 (base 5) to base 15
1a
Convert 320 (base 4) to base 9.
62
Convert -2 (base 14) to base 16.
-2
What is 12 (base 11) in base 8?
15
Convert 305 (base 6) to base 16.
71
What is -27 (base 11) in base 15?
-1e
Convert -1 (base 9) to base 12.
-1
Convert -3 (base 13) to base 16.
-3
5 (base 7) to base 4
11
-4 (base 6) to base 7
-4
What is 5 (base 8) in base 14?
5
Convert 96 (base 16) to base 10.
150
Convert 21 (base 11) to base 8.
27
-1021 (base 3) to base 4
-202
What is 3 (base 8) in base 15?
3
Convert -114 (base 5) to base 14.
-26
Convert -36 (base 8) to base 5.
-110
-21 (base 4) to base 7
-12
Convert -452 (base 7) to base 6.
-1025
1100 (base 2) to base 14
c
-74 (base 15) to base 5
-414
-13a (base 11) to base 3
-20002
What is -2 (base 10) in base 2?
-10
What is 1 (base 15) in base 10?
1
What is -14 (base 8) in base 12?
-10
What is -1f (base 16) in base 6?
-51
Convert 121 (base 7) to base 6.
144
Convert -2 (base 5) to base 3.
-2
-39 (base 13) to base 5
-143
-18 (base 13) to base 6
-33
Convert 44 (base 14) to base 9.
66
Convert -3 (base 9) to base 8.
-3
5 (base 12) to base 6
5
Convert 2 (base 6) to base 7.
2
Convert -7 (base 14) to base 8.
-7
What is -33 (base 9) in base 8?
-36
-10 (base 2) to base 15
-2
Convert -12 (base 5) to base 6.
-11
111 (base 3) to base 12
11
What is 4 (base 5) in base 9?
4
What is 17 (base 9) in base 5?
31
Convert -110 (base 2) to base 13.
-6
115 (base 6) to base 13
38
What is 1 (base 4) in base 5?
1
-1010010 (base 2) to base 12
-6a
-11 (base 3) to base 2
-100
What is 0 (base 7) in base 2?
0
Convert -1a (base 12) to base 15.
-17
What is -5 (base 12) in base 2?
-101
Convert 1002 (base 7) to base 13.
207
Convert 20122 (base 3) to base 10.
179
Convert -43 (base 13) to base 15.
-3a
What is 16 (base 8) in base 16?
e
Convert 41 (base 11) to base 12.
39
What is -3 (base 4) in base 15?
-3
-5 (base 8) to base 5
-10
What is 2 (base 4) in base 2?
10
What is -151 (base 6) in base 4?
-1003
What is -5 (base 13) in base 11?
-5
Convert -1c (base 16) to base 15.
-1d
-4 (base 8) to base 5
-4
Convert -4 (base 9) to base 12.
-4
Convert -4 (base 9) to base 15.
-4
Convert -3 (base 16) to base 12.
-3
Convert 140 (base 5) to base 16.
2d
Convert 3 (base 12) to base 8.
3
1 (base 5) to base 10
1
6 (base 13) to base 7
6
What is -132 (base 5) in base 7?
-60
What is -2 (base 4) in base 13?
-2
86 (base 11) to base 16
5e
177 (base 10) to base 15
bc
0 (base 4) to base 8
0
Convert 11 (base 4) to base 11.
5
What is 4a (base 11) in base 10?
54
Convert -36 (base 12) to base 2.
-101010
Convert 6 (base 11) to base 4.
12
Convert -100 (base 7) to base 8.
-61
Convert -1 (base 4) to base 15.
-1
What is -12 (base 3) in base 11?
-5
Convert -27 (base 9) to base 8.
-31
Convert 29 (base 15) to base 2.
100111
1 (base 5) to base 3
1
Convert -30 (base 14) to base 5.
-132
-2 (base 12) to base 8
-2
What is -27 (base 10) in base 7?
-36
Convert 100 (base 3) to base 6.
13
What is 22 (base 4) in base 6?
14
What is 3 (base 13) in base 6?
3
What is -13 (base 4) in base 2?
-111
Convert -1100 (base 2) to base 10.
-12
Convert 2 (base 7) to base 3.
2
Convert -26 (base 16) to base 10.
-38
-11 (base 2) to base 8
-3
What is b5 (base 13) in base 14?
a8
Convert 10 (base 2) to base 11.
2
52 (base 10) to base 9
57
a0 (base 14) to base 7
260
1010 (base 5) to base 11
109
Convert -64 (base 13) to base 7.
-145
-305 (base 9) to base 3
-100012
Convert -34 (base 6) to base 4.
-112
0 (base 6) to base 15
0
What is 11 (base 3) in base 16?
4
20 (base 6) to base 7
15
What is 5 (base 10) in base 15?
5
1 (base 14) to base 12
1
-23 (base 14) to base 12
-27
Convert 1233 (base 4) to base 11.
a1
What is 203 (base 4) in base 5?
120
What is -1100010 (base 2) in base 9?
-118
What is 11 (base 4) in base 2?
101
Convert -16 (base 15) to base 3.
-210
-2 (base 7) to base 2
-10
Convert 119 (base 10) to base 16.
77
What is -1 (base 6) in base 13?
-1
What is -12012 (base 3) in base 7?
-260
What is 44 (base 8) in base 6?
100
What is 29 (base 13) in base 10?
35
-100 (base 2) to base 3
-11
What is -1 (base 4) in base 10?
-1
Convert -6 (base 15) to base 7.
-6
What is -1100 (base 2) in base 13?
-c
What is -15 